885?
8
What is the thousands digit of 7757?
7
What is the tens digit of 7211?
1
What is the tens digit of 4766?
6
What is the units digit of 9963?
3
What is the hundreds digit of 197?
1
What is the hundred thousands digit of 139285?
1
What is the thousands digit of 3858?
3
What is the tens digit of 2932?
3
What is the ten thousands digit of 26393?
2
What is the units digit of 1316?
6
What is the tens digit of 23?
2
What is the hundreds digit of 1780?
7
What is the thousands digit of 1330?
1
What is the hundreds digit of 817?
8
What is the hundreds digit of 394?
3
What is the hundreds digit of 1111?
1
What is the tens digit of 2291?
9
What is the units digit of 1197?
7
What is the units digit of 4957?
7
What is the ten thousands digit of 10699?
1
What is the units digit of 1569?
9
What is the tens digit of 969?
6
What is the units digit of 2282?
2
What is the units digit of 2284?
4
What is the units digit of 34156?
6
What is the tens digit of 1644?
4
What is the thousands digit of 3146?
3
What is the hundreds digit of 4681?
6
What is the units digit of 1910?
0
What is the hundreds digit of 3025?
0
What is the thousands digit of 8653?
8
What is the thousands digit of 4071?
4
What is the hundreds digit of 11795?
7
What is the hundreds digit of 983?
9
What is the thousands digit of 93791?
3
What is the tens digit of 284?
8
What is the thousands digit of 5098?
5
What is the units digit of 1321?
1
What is the units digit of 1072?
2
What is the hundreds digit of 122?
1
What is the hundreds digit of 3498?
4
What is the ten thousands digit of 17533?
1
What is the units digit of 644?
4
What is the units digit of 57?
7
What is the units digit of 36004?
4
What is the ten thousands digit of 82749?
8
What is the hundreds digit of 18595?
5
What is the hundreds digit of 5444?
4
What is the hundreds digit of 64646?
6
What is the thousands digit of 1090?
1
What is the hundreds digit of 6294?
2
What is the hundreds digit of 5531?
5
What is the tens digit of 14948?
4
What is the hundreds digit of 766?
7
What is the tens digit of 22913?
1
What is the hundreds digit of 1240?
2
What is the tens digit of 3626?
2
What is the thousands digit of 43817?
3
What is the thousands digit of 1565?
1
What is the thousands digit of 3047?
3
What is the units digit of 1203?
3
What is the hundreds digit of 1452?
4
What is the ten thousands digit of 22570?
2
What is the thousands digit of 37668?
7
What is the tens digit of 131154?
5
What is the units digit of 1984?
4
What is the hundreds digit of 3868?
8
What is the ten thousands digit of 10421?
1
What is the hundreds digit of 75768?
7
What is the tens digit of 71?
7
What is the hundreds digit of 854?
8
What is the tens digit of 23184?
8
What is the tens digit of 45771?
7
What is the thousands digit of 1391?
1
What is the ten thousands digit of 37836?
3
What is the hundred thousands digit of 115709?
1
What is the ten thousands digit of 18396?
1
What is the thousands digit of 31549?
1
What is the thousands digit of 7005?
7
What is the units digit of 258?
8
What is the units digit of 461?
1
What is the tens digit of 50367?
6
What is the tens digit of 2259?
5
What is the tens digit of 1478?
7
What is the units digit of 6133?
3
What is the ten thousands digit of 74655?
7
What is the thousands digit of 2022?
2
What is the tens digit of 49195?
9
What is the tens digit of 9203?
0
What is the ten thousands digit of 68152?
6
What is the units digit of 1329?
9
What is the ten thousands digit of 10664?
1
What is the units digit of 17381?
1
What is the hundreds digit of 27989?
9
What is the tens digit of 365?
6
What is the units digit of 1834?
4
What is the thousands digit of 30406?
0
What is the tens digit of 659?
5
What is the thousands digit of 5203?
5
What is the units digit of 392?
2
What is the units digit of 19196?
6
What is the thousands digit of 8692?
8
What is the hundreds digit of 701?
7
What is the ten thousands digit of 90186?
9
What is the thousands digit of 6753?
6
What is the hundreds digit of 169?
1
What is the hundreds digit of 2514?
5
What is the units digit of 3553?
3
What is the tens digit of 4136?
3
What is the hundreds digit of 118175?
1
What is the tens digit of 1229?
2
What is the ten thousands digit of 21456?
2
What is the thousands digit of 8404?
8
What is the units digit of 49259?
9
What is the tens digit of 394?
9
What is the thousands digit of 43898?
3
What is the hundreds digit of 296?
2
What is the units digit of 567?
7
What is the units digit of 1647?
7
What is the thousands digit of 145301?
5
What is the hundreds digit of 974?
9
What is the hundreds digit of 64957?
9
What is the tens digit of 793?
9
What is the hundreds digit of 1899?
8
What is the units digit of 11060?
0
What is the thousands digit of 75033?
5
What is the tens digit of 656?
5
What is the units digit of 2348?
8
What is the units digit of 9959?
9
What is the ten thousands digit of 126273?
2
What is the thousands digit of 20026?
0
What is the ten thousands digit of 70622?
7
What is the hundreds digit of 2507?
5
What is the tens digit of 3276?
7
What is the thousands digit of 4324?
4
What is the hundreds digit of 554?
5
What is the tens digit of 32191?
9
What is the units digit of 11738?
8
What is the hundreds digit of 452?
4
What is the tens digit of 18557?
5
What is the ten thousands digit of 10150?
1
What is the tens digit of 2788?
8
What is the units digit of 4103?
3
What is the units digit of 6883?
3
What is the tens digit of 11107?
0
What is the units digit of 7274?
4
What is the units digit of 55560?
0
What is the tens digit of 2391?
9
What is the tens digit of 3220?
2
What is the ten thousands digit of 29544?
2
What is the units digit of 3907?
7
What is the thousands digit of 53023?
3
What is the hundreds digit of 215?
2
What is the units digit of 103993?
3
What is the units digit of 669?
9
What is the tens digit of 325?
2
What is the units digit of 68357?
7
What is the tens digit of 405?
0
What is the hundreds digit of 524?
5
What is the tens digit of 11048?
4
What is the units digit of 1814?
4
What is the hundreds digit of 910?
9
What is the hundreds digit of 2102?
1
What is the tens digit of 70302?
0
What is the hundreds digit of 10383?
3
What is the ten thousands digit of 86773?
8
What is the units digit of 9679?
9
What is the hundreds digit of 2981?
9
What is the thousands digit of 100713?
0
What is the hundreds digit of 2209?
2
What is the thousands digit of 20743?
0
What is the units digit of 4575?
5
What is the tens digit of 250?
5
What is the thousands digit of 103886?
3
What is the units digit of 3519?
9
What is the tens digit of 41093?
9
What is the units digit of 1556?
6
What is the thousands digit of 44868?
4
What is the thousands digit of 1129?
1
What is the tens digit of 78967?
6
What is the hundreds digit of 4658?
6
What is the ten thousands digit of 28801?
2
What is the tens digit of 688?
8
What is the thousands digit of 1549?
1
What is the tens digit of 166?
6
What is the thousands digit of 19491?
9
What is the thousands digit of 5631?
5
What is the units digit of 2738?
8
What is the hundreds digit of 208?
2
What is the hundreds digit of 9029?
0
What is the thousands digit of 22545?
2
What is the hundreds digit of 1475?
4
What is the hundreds digit of 21061?
0
What is the hundreds digit of 3665?
6
What is the thousands digit of 16577?
6
What is the tens digit of 3498?
9
What is the hundreds digit of 1321?
3
What is the units digit of 16148?
8
What is the hundreds digit of 82521?
5
What is the thousands digit of 1191?
1
What is the units digit of 176?
6
What is the units digit of 967?
7
What is the tens digit of 1454?
5
What is the ten thousands digit of 11432?
1
What is the hundreds digit of 12035?
0
What is the hundreds digit of 3831?
8
What is the units digit of 1469?
9
What is the thousands digit of 13810?
3
What is the hundreds digit of 10255?
2
What is the hundreds digit of 3528?
5
What is the hundreds digit of 231?
2
What is the tens digit of 24?
2
What is the tens digit of 674?
7
What is the hundreds digit of 5871?
8
What is the thousands digit of 15503?
5
What is the hundreds digit of 7121?
1
What is the thousands digit of 3498?
3
What is the tens digit of 765?
6
What is the thousands digit of 122285?
2
What 